n o is divided by 79?
72
Let n be 2/8 - 75/(-20). What is the remainder when (150/(-24) + 2)*-4 is divided by (n + -9)/20*-36?
8
Let f(h) = 9*h**3 - 4*h**2 - h + 16. Calculate the remainder when 196 is divided by f(2).
56
Suppose -7*a - 62 = -2*s - 3*a, -215 = -5*s - 2*a. What is the remainder when s is divided by (-102)/(-8) - (-22)/88?
2
Let p = -1 - -21. Let n(s) = -26*s**3 + s**2 - 4*s - 4. Let i be n(-1). Suppose -j + i = 5*k, 2*j + k - 70 = -k. What is the remainder when j is divided by p?
17
Suppose -24*c - 508 = -2212. Let s(m) = -4*m - 46. Calculate the remainder when c is divided by s(-16).
17
Let n be (-21)/(-12) + 1/4. Let z = n + 5. Suppose -134*t = -139*t + 4*s + 345, -1 = -t - 6*s. What is the remainder when t is divided by z?
5
Suppose 0 = -d - 2, 143 = 4*w - 3*d - 111. What is the remainder when 556 is divided by w?
60
Let q be (164 + 2)/(16/256). Suppose 990 = -7*z + q. What is the remainder when z is divided by 3?
1
Suppose -681 = -3*r - 2*h + 540, -5*r = h - 2035. Calculate the remainder when r is divided by 32.
23
Let d(f) = -2*f**3 + 17*f**2 - 21*f + 42. What is the remainder when 624 is divided by d(7)?
36
Let z(b) = 8*b**2 - 32*b - 9. Let m(q) = q**2 + 15*q + 50. Let r be m(-4). Calculate the remainder when z(r) is divided by 2.
1
Suppose -2*v + 4 = 0, -a - 4*v + 14 = -149. Suppose 6*x = -2*h + 44, 64 = h + 26*x - 30*x. Calculate the remainder when a is divided by h.
35
Suppose -4*k = r - 0 - 90, -3*k + 4*r = -58. What is the remainder when 1560 is divided by k?
20
Suppose 343 = 3*p + 2*o, 0*p - 2*p - 5*o + 247 = 0. What is the remainder when p is divided by 57?
54
Suppose 5*k - 4*v = 81, k + 4*v + 7 = -v. Let m(s) = -s**3 + 16*s**2 - 36*s + 79. Suppose 10 + 14 = a. Calculate the remainder when m(k) is divided by a.
22
Calculate the remainder when 957 is divided by (-8194)/(-18) + (6/24)/(216/(-192)).
47
Suppose -1200 = 280*p - 520*p. Let w = 57 + -35. Calculate the remainder when w is divided by p.
2
Let o = 3823 - 3449. Calculate the remainder when 774 is divided by o.
26
Suppose -30*n + 25*n + l + 266 = 0, -1 = l. Calculate the remainder when 1058 is divided by n.
51
Suppose 27 = -62*p + 65*p. Suppose -o = -p*o. Suppose 4*d - 9*d + 490 = o. Calculate the remainder when d is divided by 50.
48
Let d = 857 + -117. Calculate the remainder when d is divided by 188.
176
Suppose 134*f = 31*f + 1442. What is the remainder when 1747 is divided by f?
11
Let g = -68 + 102. Suppose 3*k = 6, 0 = -2*c - c - 3*k + 54. What is the remainder when g is divided by 9/((-36)/c - -3)?
10
Let p = -9697 - -9723. What is the remainder when 542 is divided by p?
22
Calculate the remainder when ((-2078)/4)/((-690)/(-180) + -4) + 4 is divided by 22.
19
Calculate the remainder when 838 is divided by 21/(1764/(-120)) + 12624/56.
166
Suppose 984 = 7*t + 10*t - 631. Calculate the remainder when 566 is divided by t.
91
Let i = -1 - -40. Suppose 5*q - 3*m = 55, 7 = 5*q + 5*m - 8. What is the remainder when i is divided by (-4)/((-48)/(-3)) - (-66)/q?
7
What is the remainder when (2 + -1)/((-3)/15) + 322 + 4 is divided by 19?
17
Suppose -4*w + 4*f + 28 = -0*f, 0 = -3*w + 5*f + 17. Suppose -4*h + 10 + 262 = 0. What is the remainder when h is divided by w?
5
Let a = 0 + 0. Suppose -5*i + 4*g = -119, g + a*g = -i + 31. Suppose -q + 11 = -i. Calculate the remainder when 73 is divided by q.
35
Suppose -2*m = -2*a - 34, 3*m + 4*a + 0*a - 30 = 0. Suppose 4*s - m = -6. Suppose -s*f = 5*r - 0 + 4, f = -2*r. What is the remainder when 22 is divided by f?
6
Suppose 2811*p = y + 2810*p - 71, -4*p - 216 = -3*y. Let q(j) = -j**3 - 5*j**2 - 5*j - 6. What is the remainder when y is divided by q(-5)?
11
Let s be ((-72)/(-126))/((-2)/(-28)). Suppose -12*v - s*v + 1220 = 0. What is the remainder when v is divided by 56?
5
Let d = -1339 - -1382. What is the remainder when 1887 is divided by d?
38
Let g = 205 + 92. What is the remainder when g/24 - 42/112 is divided by (-2)/(-3) - (-8)/6?
0
What is the remainder when (-2)/((-52)/14)*1018 + 13982/(-90883) is divided by 0 + 1/(-1) - -51?
48
Let k(l) = -28*l + 13. Let m(n) = -n**2 + 56*n - 25. Let s(u) = 5*k(u) + 2*m(u). Calculate the remainder when s(-12) is divided by 34.
29
Suppose -13*y + 11*y = 4*h - 104, y - 4*h = 46. What is the remainder when 170 is divided by y?
20
Let g be 199 + (-1 - -2)*1. Suppose 5*m = m + g. Suppose 0 = -373*r + 6*r + 90649. What is the remainder when r is divided by m?
47
Let p = 975 - -608. Calculate the remainder when p is divided by 105.
8
Let u = 23428 + -12721. What is the remainder when u is divided by 10?
7
What is the remainder when 318 is divided by (-160)/(-3)*(20 - (-999)/(-54))?
78
Suppose 108*v - 3627 = 7770 + 7287. What is the remainder when v is divided by ((-8)/6)/(2/(-24))?
13
Let a = 28157 + -28153. Calculate the remainder when 2434 is divided by a.
2
Let p(n) = n**2 + 52*n - 5*n**2 - 6 - 3*n**2 + 4*n. Calculate the remainder when p(6) is divided by 42.
36
Suppose -30*v - 1072 = -34*v. Suppose v - 275 = -w. Calculate the remainder when 26 is divided by w.
5
What is the remainder when 3443 is divided by 30/(-25)*(5 - (-215)/(-2))?
122
Let u be ((-65778)/190)/(2*2/(-20)). Suppose c - 4*c + u = 5*z, -4*z + c + 1395 = 0. What is the remainder when z is divided by 22?
18
Let i = -119 - -192. Suppose i = -w + 2*w. Suppose -5*l = 0, 4*v + 2 = -4*l + 102. Calculate the remainder when w is divided by v.
23
Suppose 4*j - 2*o = 3*j + 118, -5*j = 4*o - 604. Let y = j + -96. Calculate the remainder when y is divided by 7.
3
Let z be 0 - (0 - 32) - 2. Calculate the remainder when (-311)/(-2) + 2 - 2/4 is divided by (56/(-35))/((-3)/z).
13
Let x(g) = 4*g**2 + 43*g - 707. Suppose 4*z - 67 - 45 = 0. What is the remainder when x(11) is divided by z?
26
Let r = 173 + -186. Let u = r - -43. What is the remainder when 538 is divided by u?
28
Let q(w) = 4*w**2 + 7*w + 1. Let h(j) = 5*j + 3. Let u be h(-1). Let y be q(u). Calculate the remainder when (88/6)/(1/y) is divided by 25.
19
Suppose -x = -3*x + 4. Let h be 59/(-2)*(-10 + 14 + -8). Suppose -c - m + h = 0, -x*c + 2*m = -m - 211. What is the remainder when c is divided by 19?
18
Let b = -76 - -229. Let g = 197 - b. What is the remainder when g is divided by 13?
5
Let z(w) = 8*w**2 + 11*w + 229. What is the remainder when z(-7) is divided by 29?
22
What is the remainder when 1034 is divided by (-95)/(-3) + (-183)/(-549)?
10
Suppose 97085 = 47*z - 3*z - 18635. Calculate the remainder when z is divided by 155.
150
Let j(p) = 578*p - 2290. What is the remainder when 122 is divided by j(4)?
12
Suppose -5*h = -o - 3672, -425*o + 738 = h - 427*o. Calculate the remainder when h is divided by 228.
50
Suppose 0 = -5*c + 3*l + 49, -9*l = -3*c - 5*l + 36. Suppose 5*p + c = 9*p. Suppose -p*w = -0*w - 38. Calculate the remainder when w is divided by 11.
8
Let r(g) = -g**2 + 21*g + 29. Calculate the remainder when (-33)/((6/(-22) - (-64)/(-1056))/1) is divided by r(22).
1
Let x(g) = -g**3 + 8*g**2 - 4*g + 23. Let a be x(8). Let j(w) = -2*w**3 - 18*w**2 - 8*w - 25. Calculate the remainder when j(a) is divided by 27.
20
Let z(r) = -3*r**2 - 60*r + 158. Calculate the remainder when 882 is divided by z(-22).
24
Let t = -124 - -137. Calculate the remainder when 82 is divided by (-1)/(-3)*t/(39/288).
18
Let f(v) = 46*v**2 + 3*v - 4. Let q be f(-4). Suppose 0*s = 6*s - q. Suppose 7*a = 20 + s. What is the remainder when 74 is divided by a?
14
Let s = 199 - 87. Let h be (24/(-15))/(6/240). Let n = h + s. Calculate the remainder when n is divided by 26.
22
Suppose 14*n = 6*n. Suppose -3*u + n + 48 = 0. What is the remainder when 45 is divided by u?
13
Suppose 10*r - 448 = 142. Calculate the remainder when r is divided by 1.
0
Let a = -3956 + 4133. What is the remainder when 1946 is divided by a?
176
Let w(u) = u - 5. Let b be w(-8). Let l(x) = 13*x**3 + 124*x**2 + 66*x + 49. What is the remainder when (2 + (2 - b))*5 is divided by l(-9)?
19
Suppose 56*w = -60*w + 121*w - 300. Let b be 1*11*(-2 + 1). Let g = 20 + b. What is the remainder when w is divided by g?
6
Suppose 3*v - 174 = 4*d, -79 + 253 = 3*v + 3*d. Let n be (-3)/(-3 + 1956/656). Suppose -c - 2 = c, -p = 5*c - n. What is the remainder when p is divided by v?
53
Let r(m) = -5*m + 640. What is the remain